{"id":5770,"date":"2018-10-22T13:50:25","date_gmt":"2018-10-22T13:50:25","guid":{"rendered":"https:\/\/www.ekko-wp.com\/?page_id=5770"},"modified":"2018-10-22T13:50:25","modified_gmt":"2018-10-22T13:50:25","slug":"login-page","status":"publish","type":"page","link":"https:\/\/devosuit.com\/shopreview\/pages\/login-page\/","title":{"rendered":"Login page"},"content":{"rendered":"<section class=\"wpb-content-wrapper\"><p>[vc_row kd_background_image_position=&#8221;vc_row-bg-position-top&#8221; el_class=&#8221;zindex&#8221; css=&#8221;.vc_custom_1607018237074{margin-top: -200px !important;margin-bottom: 100px !important;}&#8221; css_tablet_landscape=&#8221;.vc_custom_1607018237075{margin-top: 30px !important;}&#8221; css_tablet_portrait=&#8221;.vc_custom_1607018237075{margin-top: 30px !important;}&#8221; css_mobile=&#8221;.vc_custom_1607018237077{margin-top: 30px !important;}&#8221;][vc_column][vc_row_inner kd_background_image_position=&#8221;vc_row-bg-position-top&#8221; css=&#8221;.vc_custom_1600777116112{background-color: #ffffff !important;border-radius: 10px !important;}&#8221; el_class=&#8221;with-shadow overflow-hidden&#8221;][vc_column_inner css=&#8221;.vc_custom_1605811671203{padding-top: 65px !important;padding-right: 90px !important;padding-bottom: 23px !important;padding-left: 90px !important;}&#8221; offset=&#8221;vc_col-lg-offset-0 vc_col-lg-6 vc_col-md-offset-0 vc_col-md-12 vc_col-sm-offset-0&#8243; css_tablet_portrait=&#8221;.vc_custom_1605811671205{padding-right: 30px !important;padding-left: 30px !important;}&#8221; css_mobile=&#8221;.vc_custom_1605811671205{padding-right: 30px !important;padding-left: 30px !important;}&#8221;]<header class=\"kd-section-title col-lg-12 text-center  subtitle-below-title kd-animated fadeIn   vc_custom_1605811280366\" data-animation-delay=200><h3 class=\"separator_off\" >Login to continue<\/h3><h6 class=\"subtitle\" >Please enter your username<br \/>\nand password to log in<\/h6><\/header><form name=\"loginform\" id=\"loginform\" action=\"https:\/\/devosuit.com\/shopreview\/wp-login.php\" method=\"post\"><p class=\"login-username\">\n\t\t\t\t<label for=\"user_login\">Kullan\u0131c\u0131 ad\u0131 ya da e-posta adresi<\/label>\n\t\t\t\t<input type=\"text\" name=\"log\" id=\"user_login\" autocomplete=\"username\" class=\"input\" value=\"\" size=\"20\" \/>\n\t\t\t<\/p><p class=\"login-password\">\n\t\t\t\t<label for=\"user_pass\">Parola<\/label>\n\t\t\t\t<input type=\"password\" name=\"pwd\" id=\"user_pass\" autocomplete=\"current-password\" spellcheck=\"false\" class=\"input\" value=\"\" size=\"20\" \/>\n\t\t\t<\/p><p class=\"login-remember\"><label><input name=\"rememberme\" type=\"checkbox\" id=\"rememberme\" value=\"forever\" \/> Beni hat\u0131rla<\/label><\/p><p class=\"login-submit\">\n\t\t\t\t<input type=\"submit\" name=\"wp-submit\" id=\"wp-submit\" class=\"button button-primary\" value=\"Oturum a\u00e7\" \/>\n\t\t\t\t<input type=\"hidden\" name=\"redirect_to\" value=\"https:\/\/devosuit.com\/shopreview\/wp-json\/wp\/v2\/pages\/5770\" \/>\n\t\t\t<\/p><\/form>[\/vc_column_inner][vc_column_inner css=&#8221;.vc_custom_1605811666119{padding-top: 255px !important;padding-bottom: 255px !important;background-image: url(https:\/\/www.swaytheme.com\/wp-content\/uploads\/sites\/3\/2020\/11\/contact-creative.jpg?id=) !important;background-position: center !important;background-repeat: no-repeat !important;background-size: cover !important;}&#8221; offset=&#8221;vc_col-lg-6&#8243; css_mobile=&#8221;.vc_custom_1605811666120{padding-top: 100px !important;padding-bottom: 100px !important;}&#8221;]<div class=\"video-container play-button-center small-video-btn   kd-animated zoomIn\" data-animation-delay=200><a href=\"https:\/\/www.youtube.com\/embed\/sDwQBHN4jK0\" data-toggle=\"modal\" data-target=\"#video-modal-kd-video-modal-69f4e111db505\" data-src=\"https:\/\/www.youtube.com\/embed\/sDwQBHN4jK0\" data-backdrop=\"true\" class=\" \" aria-label=\"Play video\"><span class=\"play-video\"><span class=\"sway-play\"><\/span><\/span><\/a><\/div><div class=\"modal fade video-modal\" id=\"video-modal-kd-video-modal-69f4e111db505\" role=\"dialog\">\n                            <div class=\"modal-content\">\n                            <button type=\"button\" class=\"close\" data-dismiss=\"modal\" aria-label=\"Close\">\u00d7<\/button>\n                            <div class=\"row\"><iframe width=\"1024\" height=\"576\" allow=\"accelerometer; autoplay; encrypted-media; gyroscope; picture-in-picture\" allowfullscreen><\/iframe><\/div>\n                            <\/div>\n                        <\/div>[\/vc_column_inner][\/vc_row_inner][\/vc_column][\/vc_row]<\/p>\n<\/section>","protected":false},"excerpt":{"rendered":"<p>[vc_row kd_background_image_position=&#8221;vc_row-bg-position-top&#8221; el_class=&#8221;zindex&#8221; css=&#8221;.vc_custom_1607018237074{margin-top: -200px !important;margin-bottom: 100px !important;}&#8221; css_tablet_landscape=&#8221;.vc_custom_1607018237075{margin-top: 30px !important;}&#8221; css_tablet_portrait=&#8221;.vc_custom_1607018237075{margin-top: 30px !important;}&#8221; css_mobile=&#8221;.vc_custom_1607018237077{margin-top: 30px !important;}&#8221;][vc_column][vc_row_inner kd_background_image_position=&#8221;vc_row-bg-position-top&#8221; css=&#8221;.vc_custom_1600777116112{background-color: #ffffff [&hellip;]<\/p>\n","protected":false},"author":1,"featured_media":0,"parent":5718,"menu_order":0,"comment_status":"closed","ping_status":"closed","template":"","meta":{"footnotes":""},"class_list":["post-5770","page","type-page","status-publish","hentry"],"_links":{"self":[{"href":"https:\/\/devosuit.com\/shopreview\/wp-json\/wp\/v2\/pages\/5770","targetHints":{"allow":["GET"]}}],"collection":[{"href":"https:\/\/devosuit.com\/shopreview\/wp-json\/wp\/v2\/pages"}],"about":[{"href":"https:\/\/devosuit.com\/shopreview\/wp-json\/wp\/v2\/types\/page"}],"author":[{"embeddable":true,"href":"https:\/\/devosuit.com\/shopreview\/wp-json\/wp\/v2\/users\/1"}],"replies":[{"embeddable":true,"href":"https:\/\/devosuit.com\/shopreview\/wp-json\/wp\/v2\/comments?post=5770"}],"version-history":[{"count":0,"href":"https:\/\/devosuit.com\/shopreview\/wp-json\/wp\/v2\/pages\/5770\/revisions"}],"up":[{"embeddable":true,"href":"https:\/\/devosuit.com\/shopreview\/wp-json\/wp\/v2\/pages\/5718"}],"wp:attachment":[{"href":"https:\/\/devosuit.com\/shopreview\/wp-json\/wp\/v2\/media?parent=5770"}],"curies":[{"name":"wp","href":"https:\/\/api.w.org\/{rel}","templated":true}]}}